{"id":1012,"date":"2023-07-21T12:36:16","date_gmt":"2023-07-21T12:36:16","guid":{"rendered":"https:\/\/virtua.hr\/?page_id=1012"},"modified":"2023-07-25T20:10:13","modified_gmt":"2023-07-25T20:10:13","slug":"blog","status":"publish","type":"page","link":"https:\/\/virtua.hr\/index.php\/blog\/","title":{"rendered":"Blog"},"content":{"rendered":"\n<h5 class=\"wp-block-heading\"><strong>B L O G<\/strong><\/h5>\n\n\n\n<div style=\"height:12px\" aria-hidden=\"true\" class=\"wp-block-spacer\"><\/div>\n\n\n\n<div class=\"wp-block-media-text alignwide is-stacked-on-mobile\" style=\"grid-template-columns:27% auto\"><figure class=\"wp-block-media-text__media\"><img loading=\"lazy\" decoding=\"async\" width=\"300\" height=\"300\" src=\"https:\/\/virtua.hr\/wp-content\/uploads\/2023\/07\/brainstorming.webp\" alt=\"\" class=\"wp-image-1092 size-full\" srcset=\"https:\/\/virtua.hr\/wp-content\/uploads\/2023\/07\/brainstorming.webp 300w, https:\/\/virtua.hr\/wp-content\/uploads\/2023\/07\/brainstorming-150x150.webp 150w\" sizes=\"auto, (max-width: 300px) 100vw, 300px\" \/><\/figure><div class=\"wp-block-media-text__content\">\n<p>Pi\u0161em o raznim poslovnim temama: savjetima za poslovanje i o svojim dojmovima sa konferencija&#8230;<\/p>\n<\/div><\/div>\n\n\n\n<div style=\"height:40px\" aria-hidden=\"true\" class=\"wp-block-spacer\"><\/div>\n","protected":false},"excerpt":{"rendered":"<p>B L O G Pi\u0161em o raznim poslovnim temama: savjetima za poslovanje i o svojim dojmovima sa konferencija&#8230;<\/p>\n","protected":false},"author":1,"featured_media":0,"parent":0,"menu_order":0,"comment_status":"closed","ping_status":"closed","template":"","meta":{"_uag_custom_page_level_css":"","site-sidebar-layout":"default","site-content-layout":"","ast-site-content-layout":"default","site-content-style":"default","site-sidebar-style":"default","ast-global-header-display":"","ast-banner-title-visibility":"","ast-main-header-display":"","ast-hfb-above-header-display":"","ast-hfb-below-header-display":"","ast-hfb-mobile-header-display":"","site-post-title":"disabled","ast-breadcrumbs-content":"","ast-featured-img":"","footer-sml-layout":"","ast-disable-related-posts":"","theme-transparent-header-meta":"","adv-header-id-meta":"","stick-header-meta":"","header-above-stick-meta":"","header-main-stick-meta":"","header-below-stick-meta":"","astra-migrate-meta-layouts":"default","ast-page-background-enabled":"default","ast-page-background-meta":{"desktop":{"background-color":"var(--ast-global-color-4)","background-image":"","background-repeat":"repeat","background-position":"center center","background-size":"auto","background-attachment":"scroll","background-type":"","background-media":"","overlay-type":"","overlay-color":"","overlay-opacity":"","overlay-gradient":""},"tablet":{"background-color":"","background-image":"","background-repeat":"repeat","background-position":"center center","background-size":"auto","background-attachment":"scroll","background-type":"","background-media":"","overlay-type":"","overlay-color":"","overlay-opacity":"","overlay-gradient":""},"mobile":{"background-color":"","background-image":"","background-repeat":"repeat","background-position":"center center","background-size":"auto","background-attachment":"scroll","background-type":"","background-media":"","overlay-type":"","overlay-color":"","overlay-opacity":"","overlay-gradient":""}},"ast-content-background-meta":{"desktop":{"background-color":"var(--ast-global-color-5)","background-image":"","background-repeat":"repeat","background-position":"center center","background-size":"auto","background-attachment":"scroll","background-type":"","background-media":"","overlay-type":"","overlay-color":"","overlay-opacity":"","overlay-gradient":""},"tablet":{"background-color":"var(--ast-global-color-5)","background-image":"","background-repeat":"repeat","background-position":"center center","background-size":"auto","background-attachment":"scroll","background-type":"","background-media":"","overlay-type":"","overlay-color":"","overlay-opacity":"","overlay-gradient":""},"mobile":{"background-color":"var(--ast-global-color-5)","background-image":"","background-repeat":"repeat","background-position":"center center","background-size":"auto","background-attachment":"scroll","background-type":"","background-media":"","overlay-type":"","overlay-color":"","overlay-opacity":"","overlay-gradient":""}},"footnotes":""},"class_list":["post-1012","page","type-page","status-publish","hentry"],"yoast_head":"<!-- This site is optimized with the Yoast SEO plugin v27.4 - https:\/\/yoast.com\/product\/yoast-seo-wordpress\/ -->\n<title>Blog - VirtuA, poslovna asistentica<\/title>\n<meta name=\"description\" content=\"VirtuA virtualna asistentica \u017deljka Moha\u010d, blog : pi\u0161em o poslovnim savjetima, idejama, konferencijama kojima sam prisustvovala\" \/>\n<meta name=\"robots\" content=\"index, follow, max-snippet:-1, max-image-preview:large, max-video-preview:-1\" \/>\n<link rel=\"canonical\" href=\"https:\/\/virtua.hr\/index.php\/blog\/\" \/>\n<meta property=\"og:locale\" content=\"hr_HR\" \/>\n<meta property=\"og:type\" content=\"article\" \/>\n<meta property=\"og:title\" content=\"Blog - VirtuA, poslovna asistentica\" \/>\n<meta property=\"og:description\" content=\"VirtuA virtualna asistentica \u017deljka Moha\u010d, blog : pi\u0161em o poslovnim savjetima, idejama, konferencijama kojima sam prisustvovala\" \/>\n<meta property=\"og:url\" content=\"https:\/\/virtua.hr\/index.php\/blog\/\" \/>\n<meta property=\"og:site_name\" content=\"VirtuA, poslovna asistentica\" \/>\n<meta property=\"article:modified_time\" content=\"2023-07-25T20:10:13+00:00\" \/>\n<meta property=\"og:image\" content=\"https:\/\/virtua.hr\/wp-content\/uploads\/2023\/07\/brainstorming.webp\" \/>\n<meta name=\"twitter:card\" content=\"summary_large_image\" \/>\n<meta name=\"twitter:label1\" content=\"Procijenjeno vrijeme \u010ditanja\" \/>\n\t<meta name=\"twitter:data1\" content=\"1 minuta\" \/>\n<script type=\"application\/ld+json\" class=\"yoast-schema-graph\">{\"@context\":\"https:\\\/\\\/schema.org\",\"@graph\":[{\"@type\":\"WebPage\",\"@id\":\"https:\\\/\\\/virtua.hr\\\/index.php\\\/blog\\\/\",\"url\":\"https:\\\/\\\/virtua.hr\\\/index.php\\\/blog\\\/\",\"name\":\"Blog - VirtuA, poslovna asistentica\",\"isPartOf\":{\"@id\":\"https:\\\/\\\/virtua.hr\\\/#website\"},\"primaryImageOfPage\":{\"@id\":\"https:\\\/\\\/virtua.hr\\\/index.php\\\/blog\\\/#primaryimage\"},\"image\":{\"@id\":\"https:\\\/\\\/virtua.hr\\\/index.php\\\/blog\\\/#primaryimage\"},\"thumbnailUrl\":\"https:\\\/\\\/virtua.hr\\\/wp-content\\\/uploads\\\/2023\\\/07\\\/brainstorming.webp\",\"datePublished\":\"2023-07-21T12:36:16+00:00\",\"dateModified\":\"2023-07-25T20:10:13+00:00\",\"description\":\"VirtuA virtualna asistentica \u017deljka Moha\u010d, blog : pi\u0161em o poslovnim savjetima, idejama, konferencijama kojima sam prisustvovala\",\"breadcrumb\":{\"@id\":\"https:\\\/\\\/virtua.hr\\\/index.php\\\/blog\\\/#breadcrumb\"},\"inLanguage\":\"hr\",\"potentialAction\":[{\"@type\":\"ReadAction\",\"target\":[\"https:\\\/\\\/virtua.hr\\\/index.php\\\/blog\\\/\"]}]},{\"@type\":\"ImageObject\",\"inLanguage\":\"hr\",\"@id\":\"https:\\\/\\\/virtua.hr\\\/index.php\\\/blog\\\/#primaryimage\",\"url\":\"https:\\\/\\\/virtua.hr\\\/wp-content\\\/uploads\\\/2023\\\/07\\\/brainstorming.webp\",\"contentUrl\":\"https:\\\/\\\/virtua.hr\\\/wp-content\\\/uploads\\\/2023\\\/07\\\/brainstorming.webp\",\"width\":300,\"height\":300},{\"@type\":\"BreadcrumbList\",\"@id\":\"https:\\\/\\\/virtua.hr\\\/index.php\\\/blog\\\/#breadcrumb\",\"itemListElement\":[{\"@type\":\"ListItem\",\"position\":1,\"name\":\"Home\",\"item\":\"https:\\\/\\\/virtua.hr\\\/\"},{\"@type\":\"ListItem\",\"position\":2,\"name\":\"Blog\"}]},{\"@type\":\"WebSite\",\"@id\":\"https:\\\/\\\/virtua.hr\\\/#website\",\"url\":\"https:\\\/\\\/virtua.hr\\\/\",\"name\":\"VirtuA, poslovna asistentica\",\"description\":\"\u017deljka Moha\u010d\",\"potentialAction\":[{\"@type\":\"SearchAction\",\"target\":{\"@type\":\"EntryPoint\",\"urlTemplate\":\"https:\\\/\\\/virtua.hr\\\/?s={search_term_string}\"},\"query-input\":{\"@type\":\"PropertyValueSpecification\",\"valueRequired\":true,\"valueName\":\"search_term_string\"}}],\"inLanguage\":\"hr\"}]}<\/script>\n<!-- \/ Yoast SEO plugin. -->","yoast_head_json":{"title":"Blog - VirtuA, poslovna asistentica","description":"VirtuA virtualna asistentica \u017deljka Moha\u010d, blog : pi\u0161em o poslovnim savjetima, idejama, konferencijama kojima sam prisustvovala","robots":{"index":"index","follow":"follow","max-snippet":"max-snippet:-1","max-image-preview":"max-image-preview:large","max-video-preview":"max-video-preview:-1"},"canonical":"https:\/\/virtua.hr\/index.php\/blog\/","og_locale":"hr_HR","og_type":"article","og_title":"Blog - VirtuA, poslovna asistentica","og_description":"VirtuA virtualna asistentica \u017deljka Moha\u010d, blog : pi\u0161em o poslovnim savjetima, idejama, konferencijama kojima sam prisustvovala","og_url":"https:\/\/virtua.hr\/index.php\/blog\/","og_site_name":"VirtuA, poslovna asistentica","article_modified_time":"2023-07-25T20:10:13+00:00","og_image":[{"url":"https:\/\/virtua.hr\/wp-content\/uploads\/2023\/07\/brainstorming.webp","type":"","width":"","height":""}],"twitter_card":"summary_large_image","twitter_misc":{"Procijenjeno vrijeme \u010ditanja":"1 minuta"},"schema":{"@context":"https:\/\/schema.org","@graph":[{"@type":"WebPage","@id":"https:\/\/virtua.hr\/index.php\/blog\/","url":"https:\/\/virtua.hr\/index.php\/blog\/","name":"Blog - VirtuA, poslovna asistentica","isPartOf":{"@id":"https:\/\/virtua.hr\/#website"},"primaryImageOfPage":{"@id":"https:\/\/virtua.hr\/index.php\/blog\/#primaryimage"},"image":{"@id":"https:\/\/virtua.hr\/index.php\/blog\/#primaryimage"},"thumbnailUrl":"https:\/\/virtua.hr\/wp-content\/uploads\/2023\/07\/brainstorming.webp","datePublished":"2023-07-21T12:36:16+00:00","dateModified":"2023-07-25T20:10:13+00:00","description":"VirtuA virtualna asistentica \u017deljka Moha\u010d, blog : pi\u0161em o poslovnim savjetima, idejama, konferencijama kojima sam prisustvovala","breadcrumb":{"@id":"https:\/\/virtua.hr\/index.php\/blog\/#breadcrumb"},"inLanguage":"hr","potentialAction":[{"@type":"ReadAction","target":["https:\/\/virtua.hr\/index.php\/blog\/"]}]},{"@type":"ImageObject","inLanguage":"hr","@id":"https:\/\/virtua.hr\/index.php\/blog\/#primaryimage","url":"https:\/\/virtua.hr\/wp-content\/uploads\/2023\/07\/brainstorming.webp","contentUrl":"https:\/\/virtua.hr\/wp-content\/uploads\/2023\/07\/brainstorming.webp","width":300,"height":300},{"@type":"BreadcrumbList","@id":"https:\/\/virtua.hr\/index.php\/blog\/#breadcrumb","itemListElement":[{"@type":"ListItem","position":1,"name":"Home","item":"https:\/\/virtua.hr\/"},{"@type":"ListItem","position":2,"name":"Blog"}]},{"@type":"WebSite","@id":"https:\/\/virtua.hr\/#website","url":"https:\/\/virtua.hr\/","name":"VirtuA, poslovna asistentica","description":"\u017deljka Moha\u010d","potentialAction":[{"@type":"SearchAction","target":{"@type":"EntryPoint","urlTemplate":"https:\/\/virtua.hr\/?s={search_term_string}"},"query-input":{"@type":"PropertyValueSpecification","valueRequired":true,"valueName":"search_term_string"}}],"inLanguage":"hr"}]}},"uagb_featured_image_src":{"full":false,"thumbnail":false,"medium":false,"medium_large":false,"large":false,"1536x1536":false,"2048x2048":false},"uagb_author_info":{"display_name":"\u017deljka Moha\u010d","author_link":"https:\/\/virtua.hr\/index.php\/author\/admin_lc2pu82k\/"},"uagb_comment_info":0,"uagb_excerpt":"B L O G Pi\u0161em o raznim poslovnim temama: savjetima za poslovanje i o svojim dojmovima sa konferencija&#8230;","_links":{"self":[{"href":"https:\/\/virtua.hr\/index.php\/wp-json\/wp\/v2\/pages\/1012","targetHints":{"allow":["GET"]}}],"collection":[{"href":"https:\/\/virtua.hr\/index.php\/wp-json\/wp\/v2\/pages"}],"about":[{"href":"https:\/\/virtua.hr\/index.php\/wp-json\/wp\/v2\/types\/page"}],"author":[{"embeddable":true,"href":"https:\/\/virtua.hr\/index.php\/wp-json\/wp\/v2\/users\/1"}],"replies":[{"embeddable":true,"href":"https:\/\/virtua.hr\/index.php\/wp-json\/wp\/v2\/comments?post=1012"}],"version-history":[{"count":3,"href":"https:\/\/virtua.hr\/index.php\/wp-json\/wp\/v2\/pages\/1012\/revisions"}],"predecessor-version":[{"id":1093,"href":"https:\/\/virtua.hr\/index.php\/wp-json\/wp\/v2\/pages\/1012\/revisions\/1093"}],"wp:attachment":[{"href":"https:\/\/virtua.hr\/index.php\/wp-json\/wp\/v2\/media?parent=1012"}],"curies":[{"name":"wp","href":"https:\/\/api.w.org\/{rel}","templated":true}]}}